9
Suppose -5*y = -g + 13, 3*g + 21 = -7*y + 2*y. What is the units digit of ((-4)/y)/(2/12)?
8
Suppose 2*i + i - 18 = 0. Let v = -62 + 42. What is the units digit of v/(-6)*i/4?
5
Let b = -32 + 45. Suppose -s = -3*j - b, 5*s = j - 5*j - 11. What is the units digit of s?
1
What is the units digit of ((-2)/2)/2*-1*322?
1
Let r(t) = 15*t - 22. What is the tens digit of r(17)?
3
Let j = 16 - 18. What is the units digit of 30 + 4/j*-1?
2
Let v(p) be the third derivative of -p**5/60 - p**4/24 + 5*p**3/3 - 6*p**2. Let t(j) = j - 4. Let u be t(4). What is the tens digit of v(u)?
1
Let m(o) = -3*o**3 + o**3 - 2 + o**3 - o - o**2. What is the tens digit of m(-3)?
1
Suppose 0 = -n - 6*n + 742. What is the units digit of n?
6
Let h = 8 - 11. Let x(i) = -2*i**3 - 3*i**2 + 4*i + 3. What is the tens digit of x(h)?
1
Let j(b) = -2*b + 32. What is the tens digit of j(0)?
3
Let o(s) = -s**3 + 10*s**2 + 2*s - 5. Let h be 3/15 + (-147)/(-15). What is the tens digit of o(h)?
1
Let c = 223 - 79. Let r be (c/28)/((-6)/(-63)). What is the tens digit of (-2)/9 - (-714)/r?
1
Suppose 0 = -5*k + 117 + 28. Suppose 0 = 3*z - 100 - k. What is the tens digit of z?
4
Suppose 2*a = -2*u + 15 + 9, -5*u = 3*a - 40. Let s be 2*(6/(-2) + a). What is the units digit of 74/14 - 4/s?
5
Let x(c) = c**3 - 6*c**2 - 3. Let n be 80/12 - (-4)/12. What is the units digit of x(n)?
6
Let s = 82 - 13. What is the units digit of s?
9
Suppose -11 = -0*q + q - 4*t, -2*t + 18 = 2*q. Suppose 5*r + 4*z = 30, 4*r - 5*z + 5 + 12 = 0. What is the units digit of (-34)/(-10) - r/q?
3
What is the units digit of 29*(14/(-21))/((-2)/9)?
7
Let k(y) = y - 6. Let u be k(8). Suppose u*q - d + 2 = 0, 2*q + 5*d - 14 = 2*d. What is the units digit of q?
1
Suppose 3*i + 0 = 30. What is the units digit of i?
0
Let m = 127 + 5. What is the units digit of m?
2
Suppose q + 3*q = -5*b - 33, -5*q + 15 = 0. Let p be -2*(0 + b/2). What is the tens digit of p/(-4)*(-48)/9?
1
Suppose -4*x - 3*w + 40 = -0*w, -x - 3*w = -10. What is the units digit of x?
0
Let b(m) = m**2 - 3*m - 7. Let w be b(7). Suppose -z - w = -51. What is the tens digit of z?
3
Let v = 97 + -56. What is the units digit of v?
1
Let j = 84 + -27. What is the units digit of j?
7
What is the hundreds digit of (108 - -2)*((-5)/5 - -2)?
1
Let n = -6 - -4. Let l = -1 - -3. What is the units digit of (l/n)/((-3)/15)?
5
Let b = 32 + 56. What is the tens digit of b?
8
Suppose -y + 13 = -2*l, y = -0*y + 3*l + 18. Suppose 0 = y*m - 0 - 6. What is the units digit of m?
2
Suppose 3*v = -n + 183, -n - n = 4*v - 364. Suppose 3*l = -2*l + n. What is the tens digit of l?
3
Suppose 0 = 2*b + 117 - 773. What is the tens digit of b?
2
Let s(o) = 23*o + 1. Let k(j) = -24*j - 1. Let z(t) = 4*k(t) + 5*s(t). What is the units digit of z(2)?
9
What is the units digit of 2*(-2 - 21/(-6))?
3
Let n(p) be the first derivative of p**3/3 - 5*p**2/2 - 3*p + 2. Let r be n(6). What is the tens digit of (13 + (-9)/r)*1?
1
Let l(a) = -a. Let z(n) = -n - 4. Let s be z(-4). Suppose -3*c + 2*c - 5 = s. What is the units digit of l(c)?
5
Let q = -5 + 134. What is the hundreds digit of q?
1
Let k(j) = 10*j - 5. Let y be k(5). Suppose d + 2*d = y. What is the units digit of d?
5
Let i(g) = -2*g + 10. Let z be i(-4). Suppose 3*n + 8 = l, 0 = -5*l - 5*n + 2 + z. What is the units digit of l?
5
Suppose -13 = 2*o - 3*y - 6, -o - 10 = 5*y. Let b(c) = c**3 + 6*c**2 + 4*c - 2. Let i be b(o). What is the units digit of (8/6)/(1/i)?
4
Let m(u) = -u**3 + 6*u**2 - 4*u + 2. Let l = 19 - 14. What is the units digit of m(l)?
7
Suppose 19 + 5 = 4*n. Let z = n + 9. What is the units digit of z?
5
Suppose 7*l = 1052 - 9. Suppose -4*j + 3*a = -l, 5*j - 141 = -3*a + 79. What is the tens digit of j?
4
Suppose 3*z = s + 2, 3*s + 2 - 14 = 0. Suppose 0 = 4*b - m - 53, -2*b - 3*m = z*b - 33. What is the tens digit of b?
1
Suppose -3*z - 17 + 71 = 0. Let m(p) = 2*p**2 - 3*p + 1. Let b be m(2). Suppose b*t = t + z. What is the units digit of t?
9
Let g be ((-3)/(-4))/(5/20). Suppose 4*j + 106 = -2*s, 71 = -g*j - 2*s - 11. What is the units digit of (j/(-9))/(4/6)?
4
Suppose 120 = -4*b + 6*b. What is the tens digit of b?
6
Let m = -3 - -6. Suppose -9 = -g - 3*d + 8, 3*g + m*d = 45. What is the units digit of g?
4
Suppose -15 = -14*q + 489. What is the units digit of q?
6
What is the units digit of (12/10)/((-8)/(-60))?
9
What is the tens digit of (-1071)/(-14) + 1/2?
7
Let j be (-1)/4 - 42/(-8). Suppose -j*w + 15 = -2*w. What is the units digit of w?
5
Suppose 8*q + 700 = 13*q. What is the units digit of q?
0
Let o(s) be the first derivative of 3*s**2/2 - s + 1. Let y be o(2). Suppose 2*n = y*v - 38 + 10, -19 = -3*v - n. What is the units digit of v?
6
Let r(n) = 4*n**3 - 7*n**2 + 9*n + 1. Let a(u) = 7*u**3 - 15*u**2 + 18*u + 3. Let h(y) = 3*a(y) - 5*r(y). What is the units digit of h(9)?
4
Let s be (-1915)/(-35) - 2/(-7). Suppose -s - 69 = -4*y. What is the tens digit of y?
3
Suppose -9 + 29 = 4*h. Let p(m) = -m**3 - m + 1. Let u be p(0). Suppose h + u = b. What is the units digit of b?
6
Suppose -o - 2*o - 12 = 0. Let c = -1 - o. Suppose c*x = -15, -2*f + 0*x - 14 = 4*x. What is the units digit of f?
3
Let v be (-1)/2*(-6)/(-3). Let h = v - 2. Let g = h + 4. What is the units digit of g?
1
Let t(u) = 43*u - 26. What is the hundreds digit of t(6)?
2
Let p = -8 - -11. Suppose -12 = -4*z, -p*z + 6 = -c - 1. What is the units digit of c?
2
Suppose -2*l - 15 = u, 4*l + 5 = -4*u - 15. Suppose -y - 20 = 4*y. Let t = y - l. What is the units digit of t?
6
Let d be 6/(-15) + (-104)/(-10). Let g = 17 - d. Suppose -2*n = o - g, o - 5*n - 8 = -1. What is the units digit of o?
7
Suppose 3*k - 2*k + 15 = 4*i, -45 = -5*i - 4*k. Suppose i*d = 82 + 48. What is the units digit of d?
6
Let i = -49 + 213. What is the units digit of i?
4
Let y = -1 + 0. Let h = y + 1. Suppose 4*x - 13 - 7 = h. What is the units digit of x?
5
Let k be (3*1)/((-3)/9). Let f(v) = v + 13. Let l be f(k). Let j = 3 + l. What is the units digit of j?
7
Let g(y) = y**2 + 10*y + 9. Let o be g(-12). Let m be o/12*(3 + 1). Suppose 3*r - m = 2*r. What is the units digit of r?
1
Let i(a) = -a. Let m be i(-10). What is the tens digit of 374/18 + m/45?
2
Let z(l) = 4*l**3 + 2*l**2 - 3*l + 4. Let q be z(3). Suppose 3*h - 2*i - q = 0, -19 = -2*h + 2*i + 63. What is the units digit of h?
9
What is the tens digit of (-99)/(-6)*(-4)/(-3)?
2
Suppose 0 = 5*v, 5*b - 1 = 3*v + 9. Let y = b + -4. What is the units digit of y/3 + 28/6?
4
Let z = -29 - -19. Let d = -7 - z. What is the units digit of d?
3
Suppose -8 = -5*f - 3. Let v(j) = 6*j**3 + 2*j**2 - j. What is the units digit of v(f)?
7
Suppose 5*t - 12 = 2*t. Suppose -3*q + 0*h + t*h = 2, h = -2*q + 17. What is the units digit of q?
6
Suppose -4*m - 15 = 97. What is the units digit of (-45)/(-7) - 16/m?
7
Let l be (-1)/3*(2 - 5). Let y be (4/(-6))/l*-9. Suppose -w = -y*w + 5. What is the units digit of w?
1
Suppose -3*j + 113 = -5*l + 7, 62 = 2*j + l. What is the units digit of j?
2
Let r(p) = 10*p + 4. Let h be r(2). Suppose -4*w + 4*f + h = 0, 0*f = -2*w - f + 21. What is the units digit of w?
9
Let p = -5 - -8. What is the units digit of -1 - (-3 + (-27)/p)?
1
Let l = -4 - -4. Suppose l = 4*f - 8*f + 8. What is the units digit of (5 - 3) + 4*f?
0
Suppose 5*q + 35 = -5*b, -2*q + b - 18 = 4*b. Let t = q + -2. What is the tens digit of (-5 + 11)*t/(-2)?
1
Suppose -6*i = 3*j - 2*i - 6, 4*j - 8 = 5*i. What is the units digit of 1332/39 + j/(-13)?
4
Let i be ((-6)/15)/(2/(-40)). Suppose 2*c = 4*c - i. Let n(o) = -o**3 + 4*o**2 + o - 3. What is the units digit of n(c)?
1
Suppose 3*i + 3*a - 6 = 0, -2 = -3*i + 2*a + 19. Suppose r + 10 = 3*q, i*q - 21 - 1 = 3*r. What is the units digit of q?
2
Let v(r) = 6*r**2 + 6*r + 2. What is the tens digit of v(-4)?
7
Let k = 5 - 21. Suppose 5*w - 165 = -15. Let v = k + w. What is the units digit of v?
4
Let l = 101 + -67. Suppose -4*m = w, -2*w - 1 + l = -3*m. Suppose 0 = -3*c + w + 3. What is the units digit of c?
5
Suppose l = -4*b + 1, -3*b - 1 = -2*b. Suppose 0*c + c - l = 0. What is the units digit of c?
5
Suppose -3*a + 114 = -132. What is the units digit of a?
2
Let x(r) = r**3 + 10*r**2 + 10*r + 13. Let q be x(-9). Suppose -q*b - 4*l + l + 11 = 0, b = 4*l - 2. What is the units digi